*a + 11. Suppose 7*k + 4 = -192. What are the prime factors of z(k)?
431
Let z(i) be the second derivative of i**4/12 + i**3/3 - 87*i**2/2 - 51*i. What are the prime factors of z(-30)?
3, 251
Let j(g) be the first derivative of -g**4/2 - 14*g**3/3 + 14*g**2 + 2*g + 62. What are the prime factors of j(-12)?
2, 7, 79
Suppose 19*f - 17280 = 9*f. Suppose -4*x = -6*x - 3*i + f, 5*x = 5*i + 4320. What are the prime factors of x?
2, 3
Let y be (-1)/(20/30 + (-151)/222). Suppose -192 = y*g - 75*g. What are the prime factors of g?
2, 3
Suppose -595*n = -601*n + 6. What are the prime factors of n/((54/(-675))/(-34 - 0))?
5, 17
What are the prime factors of 39/((-780)/(-926300)) - (-1 - -3 - 2)?
5, 59, 157
Let a(y) = -5*y**3 + 10*y**2 + 8*y + 62. Let v(o) = 2*o**3 - o**2 + o. Let m(q) = -a(q) - 5*v(q). What are the prime factors of m(-4)?
2, 5, 23
Let c be 8 - (-18 - -11) - 0. Let m(x) = 641*x**2 - 3*x + 2. Let a be m(2). What are the prime factors of a/c + (-8)/12?
2, 5, 17
Suppose -14295 - 44465 = -13*i. What are the prime factors of i?
2, 5, 113
Let v(t) = 454*t**3 - 5*t + 3. Let d be v(3). Suppose 3*y + 10*y - d = 0. What are the prime factors of y?
2, 3, 157
Let h be 0 + 5 + -5 + (1 - -950). Let v = -380 + h. What are the prime factors of v?
571
Let o = 643 + -215. Suppose 2*c + x - 315 = o, 0 = c + 2*x - 367. List the prime factors of c.
373
Suppose 0 = -5*m - 210 + 235. Let v(f) = -26*f - 16. Let z(n) = -26*n - 15. Let x(o) = 4*v(o) - 5*z(o). List the prime factors of x(m).
3, 47
Suppose 5*o - 911 - 645 = -3*i, 5*o - 532 = -i. Let s = i + -770. Let r = s + 386. List the prime factors of r.
2
Let n = 675 + 1495. List the prime factors of n.
2, 5, 7, 31
Suppose -2*w - 4647 = -4*q + 19261, 4*q = w + 23908. List the prime factors of q.
43, 139
Let h = 44 + -34. Suppose -2*i = -4*f - h, 4*i = -3*f + f. Let l(q) = 36*q**2 + 7*q + 1. List the prime factors of l(f).
131
Let h be -25 - 8*(-1 + (-1)/(-2)). Let p be 4/(-14) - (-2 - (-38)/14). List the prime factors of p/3 + (-889)/h.
2, 3, 7
Let n(x) = 4*x**2 - 8*x - 8. Let a(h) = 8*h**2 - 13*h - 15. Let q(v) = -2*a(v) + 5*n(v). What are the prime factors of q(-5)?
2, 5
Let b(p) = -2*p**2 + 101. Let c be b(0). Let x = c + -98. Suppose 4*i + 5*g + 820 = 9*i, x*i + 2*g = 507. List the prime factors of i.
167
Let j(q) = 7304*q - 518. List the prime factors of j(3).
2, 19, 563
Suppose 0 = -12*u + 9*u - 33. Let r(x) = -14*x - 58. Let s be r(u). What are the prime factors of s/((81/(-6))/(-9))?
2
Let s = 18 + -13. Suppose -43 = -s*i - 23. What are the prime factors of i?
2
Let l(d) = -3*d + 12. Suppose 8*t - 33 = -3*t. Let m(w) = -3*w**2 + 4*w + 3. Let x be m(t). What are the prime factors of l(x)?
2, 3
Suppose 0 = -4*h - 4*c + 32940, 27*h = 25*h + 5*c + 16449. What are the prime factors of h?
2, 3, 7
Suppose -111*y + 2059680 = y - 16*y. List the prime factors of y.
5, 7, 613
Suppose -38*i - 7936 = -176846. What are the prime factors of i?
5, 7, 127
Let x(d) = -d**2 - 8*d - 18. Let c be x(-6). Let l(f) = 3*f**2 + 5*f - 22. List the prime factors of l(c).
2, 7
Let f be ((-2)/3)/(6/(-12573)). Suppose -3*i + b = -3*b - 1009, 4*i - f = -5*b. What are the prime factors of i?
7
Suppose 5*u + 2*s - 79 = 0, s + 22 = 2*u + 5*s. Let w = -23 + u. List the prime factors of (-1 - w)/((-2)/54*-3).
3, 5
Suppose -g + 6*g + 2*i + 6151 = 0, 2*g = 2*i - 2452. Let s = -791 - g. Suppose -b = -3*l + 263, -3*b = -5*l - b + s. List the prime factors of l.
2, 11
Suppose -v + 126 = -15*v. Let p(f) = -5*f - 4*f + 0*f + 5*f + f**2 - 14. List the prime factors of p(v).
103
Suppose -5*c - 189 + 11249 = 4*l, -2*c + 11072 = 4*l. List the prime factors of l.
2, 5, 277
Suppose 4*x - 28773 - 53144 = f, x - 20488 = 2*f. List the prime factors of x.
2, 3, 3413
Suppose 2*v + 145 = 2*n - n, -2*v - 140 = -2*n. Let o be 15/v - (-21)/5. List the prime factors of (-43 - 4)/(o/(-12)).
3, 47
Suppose 4*r - 1948 = 4*i, 828 + 149 = 2*r - i. Let v = r - 158. What are the prime factors of v?
2, 83
Let v(f) = -23*f + 137. Let p be v(6). Let q(k) = 1. Let a(h) = 8*h**2 - h - 5. Let g(z) = a(z) + 3*q(z). What are the prime factors of g(p)?
7
Let l(a) = 3*a + 362. Let t be l(0). Let d = t + -166. List the prime factors of d.
2, 7
Suppose -1 = j + 3*o, -j + 43 - 40 = o. Suppose j*t + 1396 = 9*t. What are the prime factors of t?
349
Let n = 245 - -46. What are the prime factors of (22 - 22) + (n - 2)?
17
Suppose 7 + 21 = -4*m, 5*d + 3*m - 165159 = 0. List the prime factors of d.
2, 3, 2753
Suppose -5*t + 2*k = -1720 - 15280, 3*t + 3*k = 10221. What are the prime factors of t?
2, 3, 7
Let y = 79 - 43. Let v = -27 + y. What are the prime factors of (-9)/(v/4) - -64?
2, 3, 5
Suppose 38*s + 30*s = 31*s + 2647794. List the prime factors of s.
2, 3, 11927
Suppose -16 = -8*u + 16. Suppose -5*q = -25, -10 = 3*k - 0*k + u*q. List the prime factors of (219/(-15))/(12/k + 1).
73
Let f(a) = 237*a**2 - 13*a - 121. List the prime factors of f(-6).
13, 653
List the prime factors of (-1 - -14212) + (-40)/(-8).
2, 1777
Let b(z) be the second derivative of z**5/20 + 19*z**4/12 + 7*z**3/6 + 17*z**2 + 8*z. What are the prime factors of b(-6)?
2, 5, 23
Let x be ((-12)/15)/((-406)/(-410) - 1). Let g = 409 - x. Let l = -176 + g. List the prime factors of l.
151
Suppose -3*g - t + 9 = 0, 2*t + 2 = 3*g + g. Suppose -g*s - 10 = -0*a - 5*a, -3*s + 3*a = -3. Let d(f) = 4*f**2 + f + 9. What are the prime factors of d(s)?
2, 3, 19
Let o = -77 - 12. Let q = -40 - o. Suppose -5*b - 49 + 139 = 2*t, 3*t + q = 4*b. What are the prime factors of b?
2
Suppose -6*k + 10 = -k. Suppose k*a + 2*a - 552 = 0. Let r = -94 + a. List the prime factors of r.
2, 11
Let n(t) = -9538*t + 51. What are the prime factors of n(-3)?
3, 5, 7, 13
Suppose -7*b - 3*t + 49073 = -2*b, 2*t + 39276 = 4*b. Suppose -4*y = 5*n - b, -7*n = -5*n - 2*y - 3916. What are the prime factors of n?
37, 53
Let r(c) be the second derivative of c**4/12 + 7*c**3/2 - 17*c**2 + 16*c. Let o be r(-22). Let z = o + 37. What are the prime factors of z?
5
List the prime factors of 2/(-5)*(2 + 9/18) - -5166.
5, 1033
Suppose -6*n - 803 = 5*n. Let t = n - -92. Suppose -t = 2*m - 279. List the prime factors of m.
2, 5, 13
Let q = 176 - -253. Suppose 0*f + f = -q. Let d = f - -676. What are the prime factors of d?
13, 19
Let q = -25047 + 50121. What are the prime factors of q?
2, 3, 7, 199
Suppose -10*w - 175 = -17*w. Let a = 197 - -67. Suppose -29*t = -w*t - a. List the prime factors of t.
2, 3, 11
Let j(g) be the second derivative of g**5/20 - g**4/6 + 7*g**3/6 + 75*g**2/2 + 91*g. What are the prime factors of j(0)?
3, 5
Let f be ((-18)/21*1)/(1/7). What are the prime factors of ((-1311)/f)/((-8)/(2 - 34))?
2, 19, 23
Suppose -2*c = 3*i - 13556, 9*i = 5*c + 6*i - 33869. Suppose -c = -8*q - 2551. List the prime factors of q.
2, 3, 11
List the prime factors of ((-3 + 6)/(-3))/((-136)/2897480).
5, 4261
Suppose -3125270 = 87*l - 328*l + 3999654. List the prime factors of l.
2, 19, 389
Suppose -2*v + s + 40 = 0, 2*v - 36 = 5*s - 4. Let w(g) = g**3 - 21*g**2 + 3*g + 3. List the prime factors of w(v).
2, 3, 11
Let q be 4/(-6)*(-4 - -1). Suppose 3*a - 773 = 4*v + v, a - 243 = -q*v. What are the prime factors of a?
251
List the prime factors of (-9)/(-1) + (810/27 - -31411).
2, 5, 17, 37
Let x(o) = 7*o**3 - 11*o**2 - 2*o + 56. List the prime factors of x(13).
2, 5, 271
Let b(d) = 339*d**3 + 2*d**2 + d - 2. Let u be b(1). Let q = 12 + -9. What are the prime factors of u/4 + q - 1?
3, 29
Suppose 25653 = 3*j + r, -4*r + 2*r = -2*j + 17118. What are the prime factors of j?
3, 2851
Suppose 3*g - h = 63876, 0 = 6*g - g - 3*h - 106468. List the prime factors of g.
2, 5, 2129
Suppose -378988 - 102452 = -20*a. Suppose -29*x = -7422 - a. What are the prime factors of x?
2, 3, 181
List the prime factors of 72/(-126)*-581*2611/14.
2, 83, 373
Suppose 3*g - 8*g - 5*m - 60 = 0, -2*m = 5*g + 54. Let a = g - -34. Suppose -w - 5*r + a = -0*w, -3*r + 181 = 4*w. What are the prime factors of w?
7
Let h be ((-15169)/(-7)*2)/2. Let y = 3209 - h. What are the prime factors of y?
2, 521
Let b = 261 - 256. Suppose -g + b*k = -327, g - 11*k = -10*k + 343. List the prime factors of g.
347
Let c = -138 + 145. Suppose 0 = -4*t - b + 11 + c, 2*t = -2*b + 6. Suppose -4*f - m + 876 = 0, 876 =